me factors of g?
2, 5
Let y = 240 - 240. What are the prime factors of 6/30*y - -508?
2, 127
Suppose -4*d + 28 + 36 = 0. Suppose -5*b = 5*a + 5, 2*a = 3*b + 2 + d. Suppose a*j - 2*n = 323, j - 4*n - 56 = 35. List the prime factors of j.
3, 37
Let z be (2 - (1 + -1)) + (9 - 9). Suppose -z*k + 503 = w + 3*k, w - 3*k = 463. List the prime factors of w.
2, 239
Suppose -1573 = -21*p + 989. Let d = 176 - p. List the prime factors of d.
2, 3
Suppose -62039 = z + 5*s - 130, 5*s = 5*z + 309515. Let b be z/(-40) + (-2)/(-5). What are the prime factors of 4/(-14) - (-3 + b/(-28))?
2, 29
Let o be -4*(-25)/30*(-6498)/(-10). Suppose 0 = -19*z + 1824 + o. List the prime factors of z.
2, 3, 5, 7
Let r be ((-34)/5)/(-1*(-3)/(-15)). Suppose -r - 446 = -6*a. Suppose -5*k = 2*n + 2*n - 81, 0 = -5*n - 2*k + a. What are the prime factors of n?
2, 7
Suppose f - 34 = -s, -3*f + 137 = 4*s + 2*f. Suppose 0*g + s = 3*g. Let i(z) = -z**2 + 22*z - 14. List the prime factors of i(g).
107
Let x(o) = 1478*o**3 + 2*o**2 - 2*o + 1. Let r be x(1). Suppose -12*c - r = -15*c. List the prime factors of c.
17, 29
Let i(c) = c + 3. Let u(p) = p + 4. Let x(k) = 4*i(k) - 3*u(k). Let l(s) = 10*s - 26. Let r(o) = -l(o) + 4*x(o). List the prime factors of r(-14).
2, 5, 11
Let l(q) = -q + 10. Let j be l(8). Suppose j*g = o + 19, -1 = -2*g + 3*o + 24. What are the prime factors of ((-98)/g)/(8/(-32))?
7
Let p(r) = r**2 + 40*r + 48. Let d be p(-21). Suppose 10*w + 619 = -871. Let u = w - d. List the prime factors of u.
2, 101
Let v = 14290 - -4151. List the prime factors of v.
3, 683
Suppose 0 = 5*o - 15, -o = 3*q + 39 + 3. List the prime factors of (-429)/(-55) + 12/q.
7
Let z(a) = -a**2 + 14*a - 58. Let g be z(11). Let m = 137 - g. What are the prime factors of m?
2, 3
Let s(j) = 3*j + 3. Let h = -10 - -3. Let g be s(h). What are the prime factors of (-4)/g + 538/9?
2, 3, 5
Let u be -19*2*(-1)/2. Let a = u + -10. What are the prime factors of ((-1)/(-2))/(a/1044)?
2, 29
List the prime factors of (-4887)/54*(-694)/7 - (-8)/14.
3, 997
Let b(x) = -131*x**3 - x**2 + x + 3. Let q be (3*(-2)/18)/((-1)/(-3)). List the prime factors of b(q).
2, 3, 11
Let q = 69 + -69. Suppose 3*p + 5*x - 1931 = q, 4 = x + 3. What are the prime factors of p?
2, 3, 107
Let v = -6477 + 14811. List the prime factors of v.
2, 3, 463
Let i = -7630 + 11275. List the prime factors of i.
3, 5
Let m(q) = -6*q - 10. Let c be m(-4). Suppose -c*y + 32 = -10*y. Suppose 0 = 5*r - 5*f - 50, -2*r + f + y + 17 = 0. List the prime factors of r.
3, 5
Suppose 0 = -146*b + 57*b + 2411010. What are the prime factors of b?
2, 3, 5, 7, 43
Let t = 34 + -29. Suppose -7*n + t*n = -158. Let q = 115 - n. List the prime factors of q.
2, 3
Suppose -16 = -2*t - 4*f, -3 = -5*t - 4*f + 19. Let l be (40/(-6))/(12/9 - t). Suppose l*i - 333 = 587. List the prime factors of i.
2, 23
Let z = 148 + -140. Suppose 24*l - 26*l = -2*p + 1368, -z = 2*l. List the prime factors of p.
2, 5, 17
List the prime factors of 2*(14 + 1451 - 0).
2, 5, 293
Let h(g) = 5*g**2 - 24*g + 222. Let b = -507 - -521. List the prime factors of h(b).
2, 433
Let i(l) = 0*l**3 - l - 4*l - 2*l - 4 + l**3 + 5*l**2. Let f be i(-6). Suppose 0 = c + 2*d - 32, 0 = -f*c - 2*c + d + 164. List the prime factors of c.
2, 5
Let h be (-3 + (-3)/(-1))/(6/6). Suppose -1139 = -h*m - 17*m. What are the prime factors of m?
67
Let m(h) = -157*h**2 + 25*h + 47. Let s be m(-4). Let c = s + 3720. List the prime factors of c.
3, 5, 7, 11
What are the prime factors of ((-22)/8)/(11 + 1061550/(-96504))?
11, 4021
Suppose 0 = 3*u + u - 9136. Suppose 402 = 17*y - u. List the prime factors of y/4 + -1 + 6/4.
2, 5
Let x be (10760/(-30))/((-3)/(-9)). Let b = x + 1565. List the prime factors of b.
3, 163
Suppose 26*f = -42*f + 44889 + 334483. What are the prime factors of f?
7, 797
Let u = 6813 + -3147. List the prime factors of u.
2, 3, 13, 47
Suppose 35*d + 33*d - 209304 = 0. What are the prime factors of d?
2, 3, 19
Suppose 0 = -5*u, -2*u = -c + 722 + 322. Suppose -4*i = o - c, 0 = -4*o + i + i + 4086. What are the prime factors of o?
2
Let x(l) = 134*l - 88*l + 65*l + 95*l - 14. What are the prime factors of x(2)?
2, 199
Let o(u) = -u**2 + 33*u - 40. Let q = -359 + 372. List the prime factors of o(q).
2, 5, 11
Suppose 5*l - 13874 = -2*p - 0*p, -2*l = 5*p - 34622. List the prime factors of p.
2, 3461
Suppose 25*o + 0 - 50 = 0. What are the prime factors of (-58 - -62)*236/o?
2, 59
Let c = 8047 + -3525. What are the prime factors of c?
2, 7, 17, 19
Let c be (0 - -4)/((-130)/2860). Suppose 54 = -5*w + 1449. Let p = w + c. List the prime factors of p.
191
Suppose -70*b - 68*b = -132*b - 353184. List the prime factors of b.
2, 13, 283
Suppose 5*k + 4*o - 2*o + 923 = 0, 0 = 4*o + 16. Let v = 177 - k. Suppose -7*n = -983 + v. List the prime factors of n.
89
Let j(b) = b**3 + 4*b**2 - 5*b. Let v be j(2). Let a(x) = -x**3 - 7*x + 15*x**2 - 4 + 2*x**3 - v*x. List the prime factors of a(-16).
2, 19
Suppose 5*w - 25 = o, 4*o + 0 - 10 = -2*w. Suppose -17 = -3*l - 5*a, o*a = 3*l + a - 1. Let z = 6 + l. What are the prime factors of z?
5
Let z(v) = 11*v**2 + 2*v - 734. Let u(x) = 5*x**2 + x - 367. Let r(s) = -13*u(s) + 6*z(s). What are the prime factors of r(0)?
367
Let o be (-6 + 6)/(4*2/4). Let m be (4/8 + o)/(2/60). Suppose -4*z + 159 = m. What are the prime factors of z?
2, 3
Let f(i) = -60*i + 5 - 73*i - 133 + 4 - 187*i. What are the prime factors of f(-2)?
2, 3, 43
Let p be 1/((2/1 + -4)/18). Let k(x) = 5*x**2 - 7*x - 47. List the prime factors of k(p).
421
Suppose 10 = 5*x, 2*n - 3*x = 2*x - 16. Let j be (-3984)/(-64) - 3*n/(-36). Let f = 345 - j. List the prime factors of f.
283
Suppose 3*z = -18, -140*m + 4*z = -143*m + 76479. List the prime factors of m.
7, 3643
Let v(b) = 65*b**2 - 33*b - 759. What are the prime factors of v(-18)?
3, 5, 7, 199
Suppose 2*o + 3 = 3*o. Suppose 5*c - 8*w - 99 = -6*w, -33 = -c - 4*w. Let p = c + o. What are the prime factors of p?
2, 3
Suppose 141*k - 146*k = -4*d + 130267, 1 = k. List the prime factors of d.
2, 3, 23, 59
Let n = 242 - 813. Let b = -340 - n. List the prime factors of b.
3, 7, 11
Suppose -3*d - 11 = -26, d = -y + 33. List the prime factors of y.
2, 7
Let q = 43 - 23. Suppose q = -k + 6*k. Suppose -c = 4*z + k*c - 105, -4*z + 2*c = -98. What are the prime factors of z?
5
Suppose 3*w - 52 = -10*w. Let k(c) = 56*c - 29. List the prime factors of k(w).
3, 5, 13
Suppose 11*q - 39277 = 46181 - 32515. List the prime factors of q.
4813
Let w = -391 - -220. Suppose -661 = 26*p - 245. Let z = p - w. List the prime factors of z.
5, 31
Suppose 5*t + 5*x = -10, 14 = t - 2*t - 5*x. Let j be 2*(1/t - -66). Suppose -5*n + 333 = -4*b, -3*n = -n - 2*b - j. List the prime factors of n.
5, 13
Suppose 26*s = -15*s + 18491. Suppose 2*l + 3*k - s = 648, 4*l = -5*k + 2199. What are the prime factors of l?
19, 29
Suppose i - 5739 = -3*g - 4*i, -3826 = -2*g + 4*i. Suppose 2*f = 2*r + 776, -4*r = f + 4*f - g. What are the prime factors of f?
5, 7, 11
Let a = -5191 + 14716. List the prime factors of a.
3, 5, 127
Let o(l) = 60*l**2 - l + 3. Let s be o(2). Suppose 3*k + 49 = s. Suppose k + 157 = 5*u + 2*c, -2*u - c = -88. List the prime factors of u.
3, 5
Suppose -79*g - 34121 = -164589 - 75327. What are the prime factors of g?
5, 521
List the prime factors of ((-1561)/(-1561))/(1*-1 + (-39924)/(-39922)).
19961
Let g(c) = -c**3 - 2*c**2 + 5*c. Let j be g(-4). Suppose j - 2 = 2*z. Let o(d) = d + 8. List the prime factors of o(z).
13
Let i be 3/1*-2 - -930. Let f = i - 576. What are the prime factors of f?
2, 3, 29
Let w(c) = 6*c + 363. Let t be w(-32). Suppose 3*f + 5*h = 2422, 3*h = -2*f + t + 1442. What are the prime factors of f?
17, 47
Let j be (4 + -2 - -1) + 152/38. Let c(z) = 18*z**2 + 10*z - 135. What are the prime factors of c(j)?
19, 43
Let j(f) be the first derivative of f**3 + 8*f**2 + 91*f + 57. List the prime factors of j(-16).
3, 67
Let o(v) = 2*v**2 - 9*v - 189. Suppose -d - 103 = -93. What are the prime factors of o(d)?
101
Let l = 27892 - 6976. List the prime factors of l.
2, 3, 7, 83
Suppose 4*j = l + 84452, 4*j - 152*l - 84452 = -153*l. What are the prime factors of j?
43, 491
Suppose -8*o + 70 = 2*o. Suppose o*n - 59 = 4. What are the prime factors of (0 - 1)*(6 - n)?
3
Sup